{"id":168,"date":"2018-06-25T19:49:45","date_gmt":"2018-06-25T19:49:45","guid":{"rendered":"http:\/\/botanica.madame-lulu.com\/?page_id=168"},"modified":"2026-04-07T21:27:31","modified_gmt":"2026-04-07T20:27:31","slug":"reservierung","status":"publish","type":"page","link":"https:\/\/botanica.madame-lulu.com\/?page_id=168","title":{"rendered":"Tisch Reservierung"},"content":{"rendered":"\n<h5 class=\"wp-block-heading\">Das solltest du zu einer Reservierung bei uns wissen:<\/h5>\n\n\n\n<p><\/p>\n\n\n\n<ul class=\"wp-block-list\">\n<li>Online reservieren wir f\u00fcr maximal 7 Personen, gr\u00f6\u00dfere Gruppen k\u00f6nnen sich per Mail voranmelden und wir schauen was m\u00f6glich ist.<\/li>\n\n\n\n<li>Wir vergeben die Pl\u00e4tze f\u00fcr 1,5 Stunden, wenn du l\u00e4nger bleiben willst, schreib es in den Kommentar \ud83d\ude42<\/li>\n\n\n\n<li>Zum Abstellen von Kinderwagen gibt es im Restaurant leider nicht genug Platz, aber im Hausflur solang das f\u00fcr dich okay ist.<\/li>\n\n\n\n<li>Hundefreunde d\u00fcrfen gerne mitgebracht werden.<\/li>\n\n\n\n<li>Wenn ihr im Garten reserviert k\u00f6nnen wir im Regenfall keine Pl\u00e4tze im Trockenen garantieren, geben aber unser bestes!<\/li>\n<\/ul>\n\n\n<p><\/p>\n<p><!-- \/wp:post-content --><\/p>\n<p><!-- wp:heading {\"textAlign\":\"left\",\"level\":5} --><\/p>\n<p><!-- \/wp:heading --><\/p>\n<p><!-- wp:paragraph --><\/p>\n<p><!-- \/wp:paragraph --><\/p>\n<p><!-- wp:html --><\/p>\n<p><script type=\"text\/javascript\" src=\"https:\/\/services.gastronovi.com\/restaurants\/64275\/scripts\/reservation\/entry\/reservation?height=650\" async=\"\"><\/script><!-- \/wp:html --><\/p>\n<p><!-- wp:paragraph --><\/p>\n<p><!-- \/wp:paragraph --><\/p>\n<p><!-- wp:paragraph --><\/p>\n<p><!-- \/wp:paragraph --><\/p>\n<p><!-- wp:html --><script src=\"https:\/\/embed.eventfrog.de\/js\/relaunch\/embed\/embed.js\"><\/script><\/p>\n<p><\/p>\n<p><a href=\"http:\/\/botanica.madame-lulu.com\/?page_id=194\">Datenschutzerkl\u00e4rung<\/a><\/p>","protected":false},"excerpt":{"rendered":"<p>Das solltest du zu einer Reservierung bei uns wissen: Datenschutzerkl\u00e4rung<\/p>\n","protected":false},"author":1,"featured_media":0,"parent":0,"menu_order":0,"comment_status":"closed","ping_status":"closed","template":"","meta":{"footnotes":""},"class_list":["post-168","page","type-page","status-publish","hentry"],"_links":{"self":[{"href":"https:\/\/botanica.madame-lulu.com\/index.php?rest_route=\/wp\/v2\/pages\/168","targetHints":{"allow":["GET"]}}],"collection":[{"href":"https:\/\/botanica.madame-lulu.com\/index.php?rest_route=\/wp\/v2\/pages"}],"about":[{"href":"https:\/\/botanica.madame-lulu.com\/index.php?rest_route=\/wp\/v2\/types\/page"}],"author":[{"embeddable":true,"href":"https:\/\/botanica.madame-lulu.com\/index.php?rest_route=\/wp\/v2\/users\/1"}],"replies":[{"embeddable":true,"href":"https:\/\/botanica.madame-lulu.com\/index.php?rest_route=%2Fwp%2Fv2%2Fcomments&post=168"}],"version-history":[{"count":161,"href":"https:\/\/botanica.madame-lulu.com\/index.php?rest_route=\/wp\/v2\/pages\/168\/revisions"}],"predecessor-version":[{"id":1823,"href":"https:\/\/botanica.madame-lulu.com\/index.php?rest_route=\/wp\/v2\/pages\/168\/revisions\/1823"}],"wp:attachment":[{"href":"https:\/\/botanica.madame-lulu.com\/index.php?rest_route=%2Fwp%2Fv2%2Fmedia&parent=168"}],"curies":[{"name":"wp","href":"https:\/\/api.w.org\/{rel}","templated":true}]}}