{"id":600,"date":"2020-06-12T09:12:35","date_gmt":"2020-06-12T09:12:35","guid":{"rendered":"http:\/\/botanica.madame-lulu.com\/?page_id=600"},"modified":"2026-03-09T23:05:58","modified_gmt":"2026-03-09T22:05:58","slug":"essen-togo","status":"publish","type":"page","link":"https:\/\/botanica.madame-lulu.com\/?page_id=600","title":{"rendered":"Gutscheine"},"content":{"rendered":"\n<h2>&nbsp;<\/h2>\n\n\n\n<hr class=\"wp-block-separator has-alpha-channel-opacity\"\/>\n\n\n\n<h2>Wertgutschein Speiselokal Botanica &amp; Kulinarik Studio*<\/h2>\n\n\n\n<div class=\"is-layout-flex wp-block-buttons\">\n<div class=\"wp-block-button has-custom-font-size is-style-outline has-small-font-size\"><a class=\"wp-block-button__link wp-element-button\" href=\"https:\/\/services.gastronovi.com\/restaurants\/64275\/reservierung\/widget?entry=voucher#1\" target=\"_blank\" rel=\"noreferrer noopener\">Gutschein jetzt online kaufen<\/a><\/div>\n<\/div>\n\n\n\n<p><\/p>\n\n\n\n<ul>\n<li>Den Gutschein bekommst du dann per e-Mail.<\/li>\n\n\n\n<li>Bitte bezahle nach M\u00f6glichkeit nicht mit PayPal oder Klarna, das kostet uns am meisten Geb\u00fchren. Danke &#x263a;&#xfe0f;<\/li>\n\n\n\n<li>Die Felder &#8222;Von&#8220;, &#8222;F\u00fcr&#8220;, und &#8222;Nachricht&#8220; k\u00f6nnen auch frei gelassen werden.<\/li>\n<\/ul>\n\n\n\n<p>Zu den entsprechenden \u00d6ffnungszeiten kann ein Gutschein auch im Speiselokal, oder im Kulinarik Studio gekauft werden.<\/p>\n\n\n\n<p><em>*Diese Gutscheine sind im Speiselokal einl\u00f6sbar, au\u00dferdem im Kulinarik Studio f\u00fcr verk\u00e4ufliche Waren und Speisen, sowie Individuell vereinbarte Veranstaltungen. Diese Gutscheine K\u00f6nnen nicht f\u00fcr Caterings, oder Kurse &amp; Events aus unserem Ticketshop eingel\u00f6st werden.<\/em><\/p>\n\n\n\n<h2>&nbsp;<\/h2>\n\n\n\n<hr class=\"wp-block-separator has-alpha-channel-opacity\"\/>\n\n\n\n<h2>Wertgutschein f\u00fcr Kurse &amp; Events aus dem <a rel=\"noreferrer noopener\" href=\"https:\/\/botanica.madame-lulu.com\/?page_id=1742\" target=\"_blank\">Ticketshop<\/a><\/h2>\n\n\n\n<div class=\"is-layout-flex wp-block-buttons\">\n<div class=\"wp-block-button has-custom-font-size is-style-outline has-small-font-size\"><a class=\"wp-block-button__link wp-element-button\" href=\"https:\/\/eventfrog.de\/de\/geschenkgutscheine.html\" target=\"_blank\" rel=\"noreferrer noopener\">Gutschein jetzt online kaufen<\/a><\/div>\n<\/div>\n\n\n\n<p><\/p>\n\n\n\n<p>Wir verkaufen unsere Veranstaltungen \u00fcber den Ticketshop von Eventfrog. Dieser bietet Gutscheine an, welche auch bei unseren<a rel=\"noreferrer noopener\" href=\"https:\/\/botanica.madame-lulu.com\/?page_id=1742\" target=\"_blank\"> Kursen &amp; Events<\/a> eingel\u00f6st werden k\u00f6nnen.<\/p>\n","protected":false},"excerpt":{"rendered":"<p>&nbsp; Wertgutschein Speiselokal Botanica &amp; Kulinarik Studio* Zu den entsprechenden \u00d6ffnungszeiten kann ein Gutschein auch im Speiselokal, oder im Kulinarik Studio gekauft werden. *Diese Gutscheine sind im Speiselokal einl\u00f6sbar, au\u00dferdem im Kulinarik Studio f\u00fcr verk\u00e4ufliche Waren und Speisen, sowie Individuell vereinbarte Veranstaltungen. Diese Gutscheine K\u00f6nnen&nbsp;<a class=\"read-more\" href=\"https:\/\/botanica.madame-lulu.com\/?page_id=600\">&hellip;<\/a><\/p>\n","protected":false},"author":1,"featured_media":0,"parent":0,"menu_order":0,"comment_status":"closed","ping_status":"closed","template":"","meta":[],"_links":{"self":[{"href":"https:\/\/botanica.madame-lulu.com\/index.php?rest_route=\/wp\/v2\/pages\/600"}],"collection":[{"href":"https:\/\/botanica.madame-lulu.com\/index.php?rest_route=\/wp\/v2\/pages"}],"about":[{"href":"https:\/\/botanica.madame-lulu.com\/index.php?rest_route=\/wp\/v2\/types\/page"}],"author":[{"embeddable":true,"href":"https:\/\/botanica.madame-lulu.com\/index.php?rest_route=\/wp\/v2\/users\/1"}],"replies":[{"embeddable":true,"href":"https:\/\/botanica.madame-lulu.com\/index.php?rest_route=%2Fwp%2Fv2%2Fcomments&post=600"}],"version-history":[{"count":36,"href":"https:\/\/botanica.madame-lulu.com\/index.php?rest_route=\/wp\/v2\/pages\/600\/revisions"}],"predecessor-version":[{"id":1792,"href":"https:\/\/botanica.madame-lulu.com\/index.php?rest_route=\/wp\/v2\/pages\/600\/revisions\/1792"}],"wp:attachment":[{"href":"https:\/\/botanica.madame-lulu.com\/index.php?rest_route=%2Fwp%2Fv2%2Fmedia&parent=600"}],"curies":[{"name":"wp","href":"https:\/\/api.w.org\/{rel}","templated":true}]}}